Calculate v(-5).
12
Let w(p) = 9*p - 21. Let q(i) = -i + 1. Let c(u) = 1. Let r(l) = -5*c(l) - 5*q(l). Let d(b) = -11*r(b) + 6*w(b). Determine d(-9).
-7
Suppose 5 + 1 = -q. Let c(k) = 2*k**2 + 9*k - 3. Let v be 57/9 - 2/(-3). Let h(u) = -3*u**2 - 13*u + 4. Let f(y) = v*c(y) + 5*h(y). Determine f(q).
-25
Let f(w) = -2*w**2 + 4*w + 98. Let m be 270/35 - (-4)/14. Determine f(m).
2
Let h(r) = r + 36614 + r - 18305 - 18289. Let c = -6 + 0. What is h(c)?
8
Let g be 20/(-130) + (-342)/(-26). Let p = -17 + g. Let t(f) be the second derivative of f**5/20 + f**4/4 - 2*f**3/3 + 3*f**2/2 + 17*f - 7. Give t(p).
3
Let x(f) = -38 - 11*f + 39 + 7*f**2 + 12*f - 8*f**2. Let g = 12 + -8. Calculate x(g).
-11
Suppose -30*t - 143 = 97. Suppose -i + 6*i - 10 = 0. Let m(w) = 2*w + i - w - 2*w + 2*w. Calculate m(t).
-6
Let w(i) = 12*i**2 + 3*i - 2. Suppose 12 = 3*f - o, 0*f = 2*f + 4*o - 22. Suppose -2*n + 5 = g + 2, -2*n + 7 = f*g. Calculate w(n).
13
Let x be (-12)/(-13)*4342/(-668). Let n(j) = j**2 + 4*j - 13. Determine n(x).
-1
Let n = -3717 + 3721. Let b(w) = -w**3 + 4*w**2 + 10*w - 20. What is b(n)?
20
Let c(v) be the second derivative of v**5/30 + v**4/24 - v**3/3 - 19*v**2/2 - 9*v + 1. Let z(g) be the first derivative of c(g). Determine z(2).
8
Let d = -71 + 85. Let x(z) = 44*z - d*z - 20*z - 11*z + 1. Give x(2).
-1
Let d = 12 - 3. Let v be ((-18)/(-10))/(d/30). Let n(j) = 55*j**3 + 9 - 8*j - v*j**2 - 2 - 54*j**3. Determine n(7).
0
Let m(i) be the second derivative of -7*i**3/6 - 137*i**2 + 6896*i. What is m(-40)?
6
Let n(v) = 2*v**2 - 7*v. Let a = 443 + -409. Suppose a*p - 13 = 191. Calculate n(p).
30
Let s(z) = z**3 + 6*z**2 - 2*z - 12. Let w(l) = 2*l**3 + 2*l**2 - 6*l + 5. Let x be w(1). Let v(d) = -2*d**2 + 37*d - 99. Let b be v(x). What is s(b)?
0
Let o(q) be the third derivative of 11*q**6/60 + q**5/60 - q**4/8 + q**3/3 - 6401*q**2. Give o(1).
22
Let a(u) = -3 - 7*u + 5*u + 1. Let h(p) = 45*p - 899. Let v be h(20). Calculate a(v).
-4
Let y(k) be the second derivative of -k**5/120 + k**4/24 - 43*k**3/2 - 6*k - 1. Let l(g) be the second derivative of y(g). Calculate l(-8).
9
Let k(v) = -7*v**3 + 1. Suppose 5*q - 17 = f, -2*f + 2*q + 30 = 3*f. Suppose f = 5*a + 3. Calculate k(a).
-6
Let x(u) = -21*u + 231 + 4*u**3 - 5*u**3 - 476 + 0*u**3 + 210 - 11*u**2. What is x(-9)?
-8
Suppose 243*s - 8451 + 1647 = 0. Let x(f) = -f**3 + 27*f**2 + 28*f - 17. Give x(s).
-17
Suppose 0 = 25*m - 7791 - 1659. Let o = m - 374. Let l(q) = 2*q**2 - 15*q + 7. Let n(x) = -x**2 + 7*x - 4. Let t(w) = -2*l(w) - 5*n(w). Determine t(o).
2
Let j(v) be the second derivative of -v**5/20 + 5*v**4/12 - 5*v**3/6 + v**2/2 + 705*v. Determine j(6).
-65
Let r be (-7 - -2)*(-216)/(-270). Let j(q) = -17*q - 36. Determine j(r).
32
Suppose 0 = 6*n - n + 2*m - 79, -3*m - 9 = 0. Suppose -9*z - 18 = x - 6*z, -4*x - z = n. Let w(o) = -4*o + 2. Determine w(x).
14
Let d be -6 + (0 - 9/(-9)). Let u(c) = -4*c + 4. Let w be (2/(-4))/((-1)/(-2)). Let x(y) = y - 1. Let t(l) = d*x(l) + w*u(l). Determine t(2).
-1
Let m be (3/2)/(114/532). Suppose -3*l + 8 = -t, l = -t + 3 - m. Let j(o) = 29*o**3 - 1. Determine j(l).
28
Let h(d) = 32 - d**3 + 32 + 9*d - 7*d**2 - 69. Suppose -4*m + 14 = -2. Suppose 0 = -x - q - 4, -5*x + m*x + 3*q = 20. What is h(x)?
-13
Let a(q) be the first derivative of q**2 - q - 1. Let h = -21 - -41. Suppose 32*p - 12 = h. Calculate a(p).
1
Suppose -155*m = -3*m. Let s(l) = -l**3 + l**2 - l - 66. Calculate s(m).
-66
Suppose 0 = -x + 4*w - 3 + 1, 0 = -5*w + 10. Let d(p) = 5*p - 6*p**2 - x*p + p**3 - 4*p**2 + 3*p**2 + 12. Calculate d(7).
5
Let k be (-182 + 21/(-3))*(-1)/3. Let w(c) = -c**3 + 62*c**2 + 58*c + 309. Calculate w(k).
-6
Let t(i) = -i**3 - 1. Let j be 140/25*(37 - 2). Let h = -196 + j. Determine t(h).
-1
Let k(s) = -13*s + 144. Let t(z) = -2*z**3 + 16*z**2 + 40*z + 11. Let m be t(10). What is k(m)?
1
Let h(m) = 34*m**2 - 41*m + 17. Let l(s) = -19*s**2 + 21*s - 10. Let i(u) = 4*h(u) + 7*l(u). What is i(6)?
4
Let g be (0 + 6)*(112/21 + -5). Let o(h) be the third derivative of 3*h**2 + 0*h + 0 - 1/8*h**4 + 1/6*h**3. Give o(g).
-5
Let f(l) = -20*l**2 + 119*l + 302. Let a(z) = 7*z**2 - 40*z - 102. Let h(q) = 17*a(q) + 6*f(q). Determine h(36).
6
Let q(n) = -37*n**2 + 2*n + 15. Let t(m) = -80*m**2 + 6*m + 30. Let y(c) = 26*q(c) - 12*t(c). Determine y(-12).
-18
Let u(o) be the first derivative of 28 + o**3 + 5*o + 71 - 54*o**2 + 57*o**2. Determine u(-4).
29
Let w(z) = 3*z**2 + 3. Suppose -8*m - 28 - 92 = 0. Let v be (-1 - 2) + (0 - m)/3. Let l(t) = -t**2 - 1. Let p(j) = v*l(j) + w(j). Calculate p(2).
5
Let q(m) = 6*m**2 + 2*m - m - 2*m - 2 + m**3. Let y = 195787 - 195793. Give q(y).
4
Let k(d) = -8*d - 93. Suppose -5*x = -16*o + 17*o + 6, -2*x = -2. Determine k(o).
-5
Let m(b) = 3*b**3 - 16*b**2 - 18*b + 31. Suppose -426*k + 222 = -389*k. Give m(k).
-5
Let i(o) be the first derivative of -21 - 6*o + 1/3*o**3 + 3/2*o**2. What is i(4)?
22
Let i be 9/(-9) + ((-8)/(-5))/((-2)/5). Let z(t) = -2*t - 4. Calculate z(i).
6
Let x(k) = k**3 - 9*k**2 + 3*k - 10. Suppose -2*j - 2*j + t = -51, -5*j = 3*t - 85. Suppose 0 = -p - 3*l + 24, 2*l = -p + l + j. What is x(p)?
17
Let m be 3 + (34 - (-3 - -4)). Let i = m + -35. Let u(b) = -4*b**2 + 36*b - 43*b - 2*b**2 + i - b**3. Give u(-5).
11
Let y be (-2 - (-20 + 13)) + -4*2. Let d(q) = 3*q**3 + q**2 - 5*q + 1. Calculate d(y).
-56
Let i = 288 + -552. Let u be 12/(i/(-55))*(-24)/(-10). Let w(c) = -c**3 + 7*c**2 - 9*c + 9. What is w(u)?
-9
Suppose -9 = 2*f + n, -f - 3*n + 1793 - 1800 = 0. Let x(i) = -9 + 1 + 2 - 3*i. Determine x(f).
6
Let a(v) be the third derivative of -v**6/120 + v**5/15 - v**4/8 + v**3/6 + 23*v**2. Suppose -8 + 6 = -h. Calculate a(h).
3
Let d be -7*(2/(-14) + -3). Let u be (-28)/(-154) - ((-84)/d)/1. Let y(m) = -9*m - 4 + u*m - 5 + 6*m. Give y(9).
0
Suppose 2*y - 2*t - 2 = 0, -2*y = -3*y - 2*t + 4. Let q(a) = 0*a - 1 + 3*a - 7 + 6. Calculate q(y).
4
Let v = 371 - 359. Let u(s) = -v*s + s + 9*s + 11*s. Calculate u(-2).
-18
Let f(q) = -q**2 + 8*q - 7. Let u = -7 - -17. Suppose 2*j + u = 22. Suppose 0 = r + j*r - 42. Give f(r).
5
Let n(g) = -10*g - 531. Let f(w) = 23*w + 1062. Let p(a) = 4*f(a) + 7*n(a). Calculate p(-24).
3
Suppose 0 = -4*u - q - 157, -132 = 4*u + 4*q - 8*q. Let m = 40 + u. Let z(j) = m*j + 18 - 33 - j + 10. Determine z(-8).
-13
Suppose 19*b - 35*b - 48 = 0. Let n(m) be the second derivative of 2*m + 0*m**2 + 0 + 1/2*m**3. Determine n(b).
-9
Let j(p) = -p**2 - 2*p - 4. Let l(a) = 13*a**2 + 45*a + 119. Let s(v) = -17*j(v) - l(v). Calculate s(5).
-6
Let h(o) be the second derivative of -1 - 1/6*o**4 - 1/6*o**3 + 18*o - o**2. Give h(-2).
-8
Let o(u) = u**3 + 3*u**2 - 4*u + 1. Let y be o(-4). Let n(q) = 32*q - 1. Give n(y).
31
Let i = -37246 + 37273. Let j(n) = -6*n + 215. What is j(i)?
53
Suppose 3*n = -2*h + 100, -4*n + n + 3*h + 90 = 0. Let y be -2 - (5/(-2))/((-16)/n). Let j(l) = 2*l + 16. What is j(y)?
2
Let o(z) = 0*z + 307 - 13*z**3 - 311 + 12*z**3 + 3*z - 3*z**2. Give o(-4).
0
Let c(y) = y**3 + 4*y**2 + 3*y + 6. Let t(z) = -6*z**2 - 62*z - 13. Let n be t(-10). Let u be (28/n)/8*-8. Calculate c(u).
-6
Let o(a) be the third derivative of a**5/60 - 5*a**4/12 + 31*a**3/6 - 849*a**2. Calculate o(4).
7
Let h(g) = g - 4. Let b(s) = -14 - 12 - 2*s + 32 - s**2 - 4. Let t be b(0). Suppose l + t*l + 2*u = 22, 2*u - 28 = -4*l. Calculate h(l).
2
Let v = 8 + -4. Let p(x) be the first derivative of -x**4/4 + 4*x**3/3 + x**2/2 + 5*x - 5056. Determine p(v).
9
Let p(d) be the third derivative of -d**7/5040 + 17*d**6/720 + d**5/3 - 2*d**3/3 + 306*d**2. Let t(k) be the third derivative of p(k). Calculate t(7).
10
Let w = -147 + -297. Let n = -448 - w. Let k(z) = z**3 + 5*z**2 + 4*z + 6. Give k(n).
6
Suppose 3*w = -5*z + 5 + 8, -z + 17 = 3*w. Let i be w + (16/(-2))/2. Let o be (i + 4)/(1*-1). Let b(k) = -k**2 - 5*k + 8. Calculate b(o).
2
Let f(x) = x - 18. Let h be (-1323)/(-28) + (-6)/(-8). Suppose -2*z - 53 = 3*b + 57, 5*b + 5*z = -175. Let i = h + b. What is f(i)?
-10
Let s(w) be the third derivative of -w**4/3 + 7*w**3/2 + 7*w**2 + 50*w. Determine s(4).
-11
Suppose 0 = 5*a - 25, 6*a - 3*a - 25 = -5*c. Let s(l) = 5 + 5*l - 16*l**2 + c*l**2 + l**2 + 11*l**2. What is s(3)?
2
Let a = 0 + 3. Let f(j) = -3*j**2 + 5*j**2 - 3*j**2 + 132*j - 140*j 